{"id":1195,"date":"2021-02-18T14:59:24","date_gmt":"2021-02-18T13:59:24","guid":{"rendered":"https:\/\/www.sbnminimi.it\/?page_id=1195"},"modified":"2026-02-12T22:30:09","modified_gmt":"2026-02-12T21:30:09","slug":"sistema-bibliotecario-nazionale-san-bonaventura","status":"publish","type":"page","link":"https:\/\/www.sbminimi.it\/?page_id=1195","title":{"rendered":"Sistema Bibliotecario Nazionale Ordine Frati Minimi di San Francesco da Paola"},"content":{"rendered":"<p>[et_pb_section fb_built=&#8221;1&#8243; _builder_version=&#8221;4.7.1&#8243; _module_preset=&#8221;default&#8221;][et_pb_row _builder_version=&#8221;4.7.1&#8243; _module_preset=&#8221;default&#8221;][et_pb_column type=&#8221;4_4&#8243; _builder_version=&#8221;4.7.1&#8243; _module_preset=&#8221;default&#8221;][et_pb_post_title meta=&#8221;off&#8221; _builder_version=&#8221;4.7.1&#8243; _module_preset=&#8221;default&#8221;][\/et_pb_post_title][\/et_pb_column][\/et_pb_row][et_pb_row _builder_version=&#8221;4.7.1&#8243; _module_preset=&#8221;default&#8221;][et_pb_column type=&#8221;4_4&#8243; _builder_version=&#8221;4.7.1&#8243; _module_preset=&#8221;default&#8221;][et_pb_text _builder_version=&#8221;4.7.1&#8243; _module_preset=&#8221;default&#8221; hover_enabled=&#8221;0&#8243; sticky_enabled=&#8221;0&#8243;]<\/p>\n<p style=\"text-align: justify;\">Il \u201cSistema Bibliotecario Minimi\u201d ha la sua sede principale e capofila presso la Biblioteca provinciale di Santa Maria della Stella a Napoli.<br \/>Il \u201cSistema\u201d \u00e8 costituito per promuovere e sviluppare forme di cooperazione a livello interregionale tra le biblioteche dell\u2019Ordine dei Frati Minimi di San Francesco di Paola, garantendo la condivisione di risorse e professionalit\u00e0, oltre che la sostenibilit\u00e0 ed omogeneit\u00e0 dei servizi erogati.<br \/>Il patrimonio librario totale del Sistema \u00e8 di circa 60.000 volumi e opuscoli, di questi circa 23.000 sono stati gi\u00e0 catalogati nel Sistema Bibliotecario Nazionale, attraverso il Polo Cam e il polo CEI.<\/p>\n<p style=\"text-align: justify;\">Al Sistema Bibliotecario Minimi aderiscono attualmente 7 Biblioteche e 2 Musei.\u00a0<\/p>\n<h4>\u00a0<\/h4>\n<h4>In Campania<\/h4>\n<ul>\n<li><a href=\"#\">Biblioteca del convento di Santa Maria della Stella in Napoli<\/a><\/li>\n<li><a href=\"https:\/\/sbminimi.it\/?page_id=1195&amp;et_fb=1&amp;et_bfb=1&amp;PageSpeed=off#\">Biblioteca del convento di San Vito in Vico Equense<\/a><\/li>\n<li><a href=\"https:\/\/sbminimi.it\/?page_id=1195&amp;et_fb=1&amp;et_bfb=1&amp;PageSpeed=off#\">Biblioteca prof. Giuseppe Lazzaro in Salerno<\/a><\/li>\n<li><a href=\"https:\/\/sbminimi.it\/?page_id=1195&amp;et_fb=1&amp;et_bfb=1&amp;PageSpeed=off#\">Biblioteca Santa Maria di Pozzano in Castellammare di Stabia<\/a><\/li>\n<li><a href=\"https:\/\/sbminimi.it\/?page_id=1195&amp;et_fb=1&amp;et_bfb=1&amp;PageSpeed=off#\">Biblioteca del convento San Francesco da Paola in Massa Lubrense<\/a><\/li>\n<li><a href=\"https:\/\/museofratiminimivicoequense.blogspot.com\" target=\"_blank\" rel=\"noopener\">Museo d\u2019Arte Sacra dei Minimi (M.A.S.MI) in Vico Equense<\/a><\/li>\n<li>Museo dei Tesori di Pozzano in Castellammare di Stabia<\/li>\n<\/ul>\n<h4>In Sicilia<\/h4>\n<ul>\n<li><a href=\"#\">Biblioteca del convento di Sant\u2019Oliva in Palermo<\/a><\/li>\n<li><a href=\"#\">Biblioteca del Santuario di San Francesco di Paola in Milazzo (Me)<\/a><\/li>\n<\/ul>\n<p>[\/et_pb_text][\/et_pb_column][\/et_pb_row][\/et_pb_section]<\/p>\n","protected":false},"excerpt":{"rendered":"<p>[et_pb_section fb_built=&#8221;1&#8243; _builder_version=&#8221;4.7.1&#8243; _module_preset=&#8221;default&#8221;][et_pb_row _builder_version=&#8221;4.7.1&#8243; _module_preset=&#8221;default&#8221;][et_pb_column type=&#8221;4_4&#8243; _builder_version=&#8221;4.7.1&#8243; _module_preset=&#8221;default&#8221;][et_pb_post_title meta=&#8221;off&#8221; _builder_version=&#8221;4.7.1&#8243; _module_preset=&#8221;default&#8221;][\/et_pb_post_title][\/et_pb_column][\/et_pb_row][et_pb_row _builder_version=&#8221;4.7.1&#8243; _module_preset=&#8221;default&#8221;][et_pb_column type=&#8221;4_4&#8243; _builder_version=&#8221;4.7.1&#8243; _module_preset=&#8221;default&#8221;][et_pb_text _builder_version=&#8221;4.7.1&#8243; _module_preset=&#8221;default&#8221; hover_enabled=&#8221;0&#8243; sticky_enabled=&#8221;0&#8243;] Il \u201cSistema Bibliotecario Minimi\u201d ha la sua sede principale e capofila presso la Biblioteca provinciale di Santa Maria della Stella a Napoli.Il \u201cSistema\u201d \u00e8 costituito per promuovere e sviluppare forme di cooperazione a livello [&hellip;]<\/p>\n","protected":false},"author":1,"featured_media":0,"parent":0,"menu_order":0,"comment_status":"closed","ping_status":"closed","template":"","meta":{"_et_pb_use_builder":"on","_et_pb_old_content":"","_et_gb_content_width":"","footnotes":""},"class_list":["post-1195","page","type-page","status-publish","hentry"],"_links":{"self":[{"href":"https:\/\/www.sbminimi.it\/index.php?rest_route=\/wp\/v2\/pages\/1195","targetHints":{"allow":["GET"]}}],"collection":[{"href":"https:\/\/www.sbminimi.it\/index.php?rest_route=\/wp\/v2\/pages"}],"about":[{"href":"https:\/\/www.sbminimi.it\/index.php?rest_route=\/wp\/v2\/types\/page"}],"author":[{"embeddable":true,"href":"https:\/\/www.sbminimi.it\/index.php?rest_route=\/wp\/v2\/users\/1"}],"replies":[{"embeddable":true,"href":"https:\/\/www.sbminimi.it\/index.php?rest_route=%2Fwp%2Fv2%2Fcomments&post=1195"}],"version-history":[{"count":17,"href":"https:\/\/www.sbminimi.it\/index.php?rest_route=\/wp\/v2\/pages\/1195\/revisions"}],"predecessor-version":[{"id":1632,"href":"https:\/\/www.sbminimi.it\/index.php?rest_route=\/wp\/v2\/pages\/1195\/revisions\/1632"}],"wp:attachment":[{"href":"https:\/\/www.sbminimi.it\/index.php?rest_route=%2Fwp%2Fv2%2Fmedia&parent=1195"}],"curies":[{"name":"wp","href":"https:\/\/api.w.org\/{rel}","templated":true}]}}